7*-30*(-6)/108?
3, 5
Suppose 3*j = -5*u + 47, -4*j + 14 + 30 = 2*u. Suppose -j*r + 7*r = -182. What are the prime factors of r?
7, 13
Let p(x) = x + 1054. What are the prime factors of p(0)?
2, 17, 31
Let k be 8/(-10) + 376/20. List the prime factors of 2 + -1 - (0 - k).
19
Suppose -13*b = -9*b + 108. Let n be 133/(-9) - (-6)/b. Let l = n - -33. List the prime factors of l.
2, 3
Let s = -139 - -633. Let j = s - 340. Suppose h = -5*c + 11, -4*h + 3*c - c + j = 0. What are the prime factors of h?
2, 3
Let t be (5/((-15)/6))/2. Let d be 1 + -11 - (t - -3). Let f = -9 - d. List the prime factors of f.
3
Let a(z) = 11*z**2 + 44*z + 22. List the prime factors of a(13).
11, 223
Suppose 16 = -u - 39. Let c = 38 + u. Let g = c + 59. List the prime factors of g.
2, 3, 7
Suppose -5*d - 2*b + 6515 = -5*b, -3*d = -b - 3913. What are the prime factors of d?
2, 653
Let f be (3 + -792 - 0) + (-3)/3. List the prime factors of f/(-8) + (-3)/4.
2, 7
Suppose 0*c - c + 14 = 0. Let f be (1 + -1)/(c/(-14)). Suppose 5*z - z + 67 = 3*b, 2*b + z - 63 = f. What are the prime factors of b?
29
Let l be 2/4 + 20/8. Suppose -12 = -t - 2*t, -k = -t + l. List the prime factors of (-155)/(-5) - (k - 2).
2
Let g = -23 - 4. Let o = g - -86. What are the prime factors of o?
59
Suppose -607 + 4099 = l. What are the prime factors of l?
2, 3, 97
Suppose 2*s - 2 = 6. Suppose -30 = s*h - h. List the prime factors of ((-54)/10)/(2/h).
3
Let g(k) be the second derivative of k**5/20 + 7*k**4/12 - 11*k**3/6 - k**2 + 6*k. List the prime factors of g(-8).
2, 11
What are the prime factors of (1406/(-114))/(2/(-192))?
2, 37
Let u be (-2 + 3/2)*0. Let m(h) = -h**3 - 2*h**2 + 183. List the prime factors of m(u).
3, 61
Let k(a) = 6*a**3 - 4*a**2 + 8*a - 8. Let l(z) = -z**3 - z + 1. Let v(s) = -k(s) - 5*l(s). Let c be v(2). Suppose c = 5*t - 50. What are the prime factors of t?
11
Let d(i) = i**3 + 12*i**2 + 5*i + 2. Let k be d(-8). List the prime factors of (k/(-10))/(1/(-5)).
109
Suppose 4*n - 5*g = 2445, 4*n + 5*g + 1225 = 6*n. List the prime factors of n.
2, 5, 61
Let g(x) = 7*x. Let c be g(1). Suppose c*q - 12*q + 30 = 0. List the prime factors of (2/q)/((-5)/(-105)).
7
Let r be (-15)/(-30) + 1090/(-4). Let j = -186 - r. What are the prime factors of j?
2, 43
Let a(t) = 11*t**2 - 33*t - 7. Let k = -21 + 15. Let d(b) = 5*b**2 - 16*b - 4. Let z(f) = k*a(f) + 13*d(f). List the prime factors of z(-7).
11
Suppose 10*x + 508 = 14*x - r, -r = 0. What are the prime factors of x?
127
Let j(l) = 53*l**2 - 7*l + 43. List the prime factors of j(5).
31, 43
Let t = 1518 - 796. What are the prime factors of t?
2, 19
Let a = 136 + -64. Let r = 48 - a. Let f = 35 + r. What are the prime factors of f?
11
Suppose 0 = -2*a - 5*n - 5 - 10, 6 = 5*a - 2*n. Suppose y - 3*q - 12 + 0 = a, -y + 11 = -4*q. List the prime factors of y.
3, 5
Suppose d + 2*d - 1311 = 0. What are the prime factors of d?
19, 23
Suppose -862*y + 1180 = -860*y. What are the prime factors of y?
2, 5, 59
Let d = -42 - -39. List the prime factors of 5670/24 + -1*d/(-12).
2, 59
Let h be 3*((-48)/54)/((-3)/(-9)). Let l(c) = -18*c - 23. List the prime factors of l(h).
11
Let y be 6*1*6/18. Suppose 0*z = -y*z - 30. Let m = z - -39. List the prime factors of m.
2, 3
List the prime factors of (-2)/(8/(-108))*23.
3, 23
Suppose 0 = 5*s + s - 6. Let v = 8 - s. What are the prime factors of v?
7
Let t be (2/(-3))/(4/(-72)). Let z = 3 + t. Suppose 3*i - 77 = -5*j, 3*j - i + z = 4*j. List the prime factors of j.
2
Let x = 13 + -14. Let v be (-8)/(-4) - 3 - x. Let k = 24 - v. What are the prime factors of k?
2, 3
Let c be (-4228)/(-24) + 4/(-24). Suppose o = -2*d + 141, -109 = -4*d + o + c. List the prime factors of d.
71
Suppose 2*f + 4 = 0, 0 = 3*a + 2*f + f - 3. Suppose -91 = a*i - 7. Let k = 55 + i. List the prime factors of k.
3
Suppose -4*l + 2*b - 64 = 0, -2*l + 5*l + 2*b = -48. Let n be 8 - l/(-3 - 1). Suppose 4*v = 4*a + 124, -4*a + 75 = n*v - 89. What are the prime factors of v?
2, 3
Suppose -j = -3*r + 1325, -1760 = -4*r - 2*j - 0*j. What are the prime factors of r?
3, 7
List the prime factors of 3/1 - (-625 + 1).
3, 11, 19
Let m be (2 + 1)/((-7)/(-175)). Let g be ((-3)/(-2))/(2/(-60)). Let b = g + m. List the prime factors of b.
2, 3, 5
Suppose -3*m = -5*w + 59, -2*w + 35 = m - 6*m. List the prime factors of (-3)/((-135)/w) - 547/(-9).
61
Let u(z) = 4 + 2*z - 41*z**2 - 14*z**3 + 13*z**3 + 42*z**2. List the prime factors of u(0).
2
Suppose -286*y + 107532 = -250*y. List the prime factors of y.
29, 103
Suppose 4*j - 26 - 6 = 0. Suppose -r = j + 1. Let v = r - -40. What are the prime factors of v?
31
Let u = -8 + 6. List the prime factors of 50 + (-15)/(-10)*u.
47
Let f(d) = d**3 + d**2 + 1. Let c(y) = 2*y**3 + 2*y**2 + 2*y - 138. Let u(n) = -c(n) + 3*f(n). What are the prime factors of u(0)?
3, 47
Let m(t) = -t**2 - 39*t - 93. List the prime factors of m(-18).
3, 5, 19
Let z = -41 - -69. Suppose 3*k + 2*n - 3*n = z, k = 4*n + 2. Suppose 7 = y - 2*l - 3, 2*l = k. What are the prime factors of y?
2, 5
Suppose -2*s + s + 14 = -3*i, 4*i = -2*s + 28. Let b(z) = z**2 - 10*z - 20. What are the prime factors of b(s)?
2, 3
Let x(y) = -2*y**3 - 28*y**2 - 29*y - 35. What are the prime factors of x(-14)?
7, 53
Let s = 152 - 30. List the prime factors of s - (1 + 0/5).
11
List the prime factors of 212/530*45830/4.
4583
Let i be (-616)/(-120) + 4/(-30). What are the prime factors of 318/i - (-4)/10?
2
Let m be ((-16)/(-6))/((-12)/(-54)). Suppose -3*l + 2*f = -m + 4, -2*l - 4*f - 16 = 0. What are the prime factors of 4/(-6)*(-6 - l)?
2
Suppose 4*z = 3845 - 1017. Let p = -492 + z. Suppose 5*l - p = -35. What are the prime factors of l?
2, 3
Suppose -1 = 2*s - 5*z - 6, 3*z + 3 = 0. Suppose 2*d = -0*d + 88. Suppose s*j = -2*j + d. List the prime factors of j.
2, 11
Let i be ((-10)/35)/(2/(-14)). Suppose 0 = -5*a - v + 40, -5*a + 2*v + 23 = -i. Let f(w) = w**3 - 6*w**2 + w + 8. List the prime factors of f(a).
2
Let d(l) = 5*l**3 + 2*l**2 - 3*l + 1. Let o(a) = 6*a**3 + 3*a**2 - 2*a + 2. Let z(s) = 5*d(s) - 4*o(s). List the prime factors of z(6).
3, 11
Suppose 31*y - 109526 = -15*y. List the prime factors of y.
2381
Suppose -3*g - 27 = -5*b - 0*g, b = 3*g + 3. Let h(a) = -a**3 + 9*a**2 - 5*a + 6. Let q be h(b). Suppose 0 = v - 3*v + q. What are the prime factors of v?
2, 3, 7
Suppose 0 = -7*x + 5*x + 14. Suppose -6*p = -3*p. Suppose p = -x*i + 2*i + 35. What are the prime factors of i?
7
Suppose -12 = -8*c + 10*c. List the prime factors of 28/c*483/(-14).
7, 23
Let b(h) = 2*h + 1. Let x be b(3). Suppose x = -8*t + 7*t. What are the prime factors of (0 + 3 + t)*-11?
2, 11
Let p(b) = b**2 - 10*b + 94. What are the prime factors of p(18)?
2, 7, 17
Let k = 80 + 67. Suppose 2*y + 418 = 2*v, -5*v - 4*y + 871 = -k. List the prime factors of v.
2, 103
Suppose w - 4*w - 16 = 5*u, -4*u = -2*w + 4. List the prime factors of (-8 + u)*(-81)/9.
2, 3, 5
List the prime factors of ((-13)/39)/((-2)/(-6)) - -1613.
2, 13, 31
List the prime factors of (284/5)/(-10*(-7)/175).
2, 71
Suppose -5*q - 36 = 2*p + 10, 0 = 2*p + 6. Let t = 8 + q. Suppose t = 4*b + 2 - 14. List the prime factors of b.
3
Let g = -813 + 1287. List the prime factors of g.
2, 3, 79
Let h(y) = y**3 - 11*y**2 + 10*y - 1. Let o be h(10). Let n = -12 - o. Let t = n - -32. List the prime factors of t.
3, 7
Suppose -d + 7 = 2. Suppose z - 349 = -z - q, q = -d*z + 865. List the prime factors of z.
2, 43
Let x(q) = -135*q + 136*q - 9 + 41. Let y be x(-16). Let h = y + 12. List the prime factors of h.
2, 7
Let t(a) = -8*a + 246. Let y be t(0). What are the prime factors of y/2 - (-21)/7?
2, 3, 7
Let h be (1 - 33/(-9))*30/7. Let a(f) = 30*f**2. Let r be a(1). Let o = h + r. List the prime factors of o.
2, 5
Suppose -3*y - 5*b + 2 = 0, 39 - 1 = 2*y - 4*b. Suppose y*v = -2*v + 1606. What are the prime factors of v?
2, 73
Suppose 6*f = 3*f + 48. Suppose 4*n + 0*n = f. List the prime factors of n.
2
Suppose h = 2*h - 1, -2*h + 66 = 4*c. Suppose c = 3*g + g. Let x(w) = 2*w**3 - 5*w**2 - 4*w + 4. List the prime factors of x(g).
2, 3
Suppose -5*h + 14*v = 10*v - 282, -2*v = -5*h + 286. List the prime factors of h.
2, 29
Let g = -1012 - -717. Let i = 56 - g. What are the prime factors of i?
3, 13
Let m = 8 - 10. Let d(p) = -p**3 + p